uppose -6*a - 108 = -10*a. Suppose -d - 7 = 5*p - a, 4*p + 2*d = 16. Suppose 5*k - 4*h - 13065 = 0, p*k - 2*k - 5*h = 5243. Is k a composite number?
False
Let a be (-2 + 146028/(-6))/(-2). Suppose -a + 1294 = -4*u. Is u a prime number?
True
Let t(q) be the second derivative of q**6/360 - q**5/120 - 7*q**4/24 + 8*q**3/3 + 11*q. Let p(l) be the second derivative of t(l). Is p(5) a composite number?
False
Let u = 717 - 700. Suppose -u*z + 15326 = -2983. Is z composite?
True
Suppose 2*h = -5*o - 33139, 40535 - 7394 = -2*h - 3*o. Is (-4 - (-33)/9) + h/(-9) prime?
False
Let a(m) = -10*m**2 - 46*m + 8. Let v be a(6). Let s = 1095 + v. Is s a prime number?
True
Let j = -1005 + 1905. Let b = -7510 - -10767. Let n = b - j. Is n a composite number?
False
Suppose 278*y - 62657972 = 14753630. Is y prime?
True
Let q be -4041*(4/3 + -3). Suppose -2*h + 1690 = f, 4*f + 0*h = -3*h + q. Suppose -2*y + 699 = -5*g, -5*y - 5*g = -4*g - f. Is y a prime number?
True
Let p(t) = -8*t + 81. Let f be p(9). Suppose -3*c = -f*c + 1542. Is c a composite number?
False
Let l(m) = 2*m**2 + m - 10. Let t be l(-6). Suppose 4*x + t = 200. Let y = -23 + x. Is y a prime number?
True
Let g = -1060812 - -1887043. Is g a prime number?
False
Let s(u) = 33000*u**2 + 38*u - 5. Is s(2) composite?
False
Suppose -31*m + 307 - 741 = 0. Is 6137 - (32/m + 34/119) a composite number?
True
Is ((-9)/12)/(15780626/2254376 - 7) a composite number?
False
Let y = 464551 + -61320. Is y a composite number?
True
Let c be (-1)/(-1 + ((-25)/(-20) - 0)). Is 7174503/294 + c/56 a prime number?
False
Suppose 25 - 165 = -5*y. Let s = y - 25. Suppose 3*w = -s*l + 4680, -6*w = -7*w - 2*l + 1557. Is w a prime number?
False
Suppose -4*v + y + 10 = 0, 0 = 3*y + y + 8. Suppose 2*c + 4*w = 718 + 2662, -8390 = -5*c + v*w. Let f = c - 1181. Is f prime?
True
Suppose 2*h = x - 72845, -3*h = -4*x + 131268 + 160147. Is x composite?
False
Let a(k) = k**2 + 24*k - 84. Let y be a(-26). Is (-1)/8 + (-102500)/y composite?
False
Suppose -f + 5*m = -2*f + 28, -5*f + m + 10 = 0. Suppose -f*x = -b - 9, 0*x - 3*x = -4*b - 9. Suppose 10*k - 1114 - 2676 = b. Is k prime?
True
Let h(s) = 131*s + 5. Let t = -41 + 42. Let b be h(t). Suppose 2*u - 46 = b. Is u prime?
False
Let c(o) be the third derivative of -o**5/20 - o**4/24 + 1297*o**3/6 - 21*o**2. Let i be c(0). Let x = i - 420. Is x prime?
True
Suppose y + 156 = 2680. Let a(x) = -11*x - 76. Let k be a(-8). Suppose -y = 8*g - k*g. Is g composite?
False
Let v = -41036 - -81453. Is v a composite number?
True
Let q(z) be the first derivative of 3*z**4/4 - 14*z**3/3 + 3*z**2 + 33*z - 76. Is q(10) composite?
False
Suppose 3*x = 7*x + 102244. Is (39/6)/13*(1 - x) a composite number?
False
Suppose f + 2*f + 24 = 0. Let q be ((-14)/(-2) - 4) + -3 + -894. Is q/(-4)*f/(-6) a prime number?
False
Let p = -85532 + 132933. Is p prime?
False
Let z be (-105)/(-33) + 4/(-22). Suppose 0 = 2*u, 0 = -5*y - z*u - u. Suppose 4*x - 12 = -y*x, 5*c = -4*x + 1067. Is c a prime number?
True
Let g(p) = 922*p**2 + 121*p - 3638. Is g(29) prime?
True
Let z be (-28)/154 + (-604036)/(-22). Suppose -8*j = -37832 - z. Is j composite?
False
Suppose -12 = -3*n + 9. Let j(w) = 44*w**2 + 10*w - 26. Let d be j(n). Suppose d = 10*b - 330. Is b composite?
True
Let s = 72 + -69. Suppose s*a - 3*p + 7*p - 5507 = 0, 3672 = 2*a + 2*p. Is a a prime number?
False
Let o = 287 - 295. Let f(m) = 217*m**2 - 21*m - 9. Is f(o) a composite number?
True
Let m = 479008 + -175725. Is m prime?
True
Let c(p) = -27*p**3 + 3*p**2 + 12*p - 4. Let d be c(-6). Let q = 3440 - d. Is q/(-28) + (-4)/7 a prime number?
False
Let c(t) = -4*t - 6. Let n be c(0). Let j(f) = -73*f**3 - 8*f + 6. Let s be j(n). Is (s/72)/((-3)/(-4)) a composite number?
False
Let d(g) = -2*g**2 + 17*g + 57. Let c be d(11). Suppose 0 = -2*q + 5*j + 3132, 3*j - 1555 = -c*q + q. Is q a composite number?
True
Let o(p) = -17*p + 37. Let l be o(2). Is l/((-66)/(-4)) - 1408603/(-979) a composite number?
False
Suppose -4*y = -4*u - 1840, -2*u + 1 = -3*u. Let d = y - 268. Is d a prime number?
True
Let p(o) = 526*o - 134 - 388 + 349*o + 57. Is p(34) composite?
True
Let r be (-13)/(0 - ((-15)/(-3354))/5). Let c = r - -5637. Is c composite?
True
Let b = 5951 - 1911. Is ((b + 4)/6)/2 a composite number?
False
Let d = 392106 - 278437. Is d a composite number?
True
Is 3/((-2636400)/239676 - -11) prime?
True
Let n be ((-1366)/(-6) - 1 - 4)*-3. Let v = n + 5175. Is v a prime number?
True
Suppose -45 = 5*q + b, 0 = 5*q + 2*b + b + 55. Is 4/16 - (6086/q + 0) a prime number?
True
Let m(s) = -28*s**3 + 50*s**2 + 23*s + 1. Is m(-10) a composite number?
False
Suppose 0 = -t - 4*g + 37776, -t + 6*t - 188864 = -4*g. Let l = -13971 + t. Is l prime?
True
Suppose 1499*u - 1502*u = -j + 26063, -4*u + 26063 = j. Is j composite?
True
Let w = 6001 - 2732. Is w a prime number?
False
Let d(j) = 2*j + 17. Let c be d(-8). Let s be 4 - 0 - (511 + c). Is 176/32*s/(0 + -2) prime?
False
Let q be (-9 - -4)*-281*(-4)/(-10). Suppose -7*y + 7331 - q = 0. Is y a composite number?
False
Let o = -207 + 91. Is 115/(-2)*(2 + o/5) a composite number?
True
Suppose 16*t = -27706 + 238842. Suppose -134*i - t = -138*i. Is i composite?
False
Let n(h) = 3*h**2 - h - h**3 + 4 - 4*h**2 + 2*h. Let c be n(0). Suppose -f = c*m - 260 - 215, -m + 1915 = 4*f. Is f prime?
True
Suppose -7*h + 2 - 16 = 0. Is (-24277)/(-33)*(-3)/(h - -1) composite?
False
Let f(j) = -1. Let q(m) = 119*m - 26. Let y(o) = -3*f(o) - q(o). Is y(-15) prime?
False
Is 5/1595*22 - 22719435/(-87) a prime number?
False
Suppose 4*d - n + 116 = 0, -3*d + 0*d - 87 = -n. Let x = d + 32. Suppose 3*g - 4949 = -5*u, 7*g + 999 = u + x*g. Is u a composite number?
False
Suppose 4*y - 14 - 2 = 0, 5*y = 4*q - 16. Suppose q*o - 16 = 5*o. Suppose 0 = -o*i - 12, 2*w - 5*i + 121 = 3302. Is w composite?
False
Let t(f) = -2*f**2 - 12*f - 6. Let y be ((30/24)/1)/((-1)/4). Let i be t(y). Suppose -3*g = i*m - 1949, 2418 + 218 = 4*g - 4*m. Is g composite?
True
Suppose -218008 + 6364660 = 60*j + 168*j. Is j composite?
False
Suppose -29*a = -125*a - 40*a + 73429256. Is a prime?
True
Suppose m - 599 + 7135 = 0. Let c = -4575 - m. Is c a composite number?
True
Suppose -3*k + 8 = -s + k, 58 = 4*s + 2*k. Suppose s*q = 7*q + 1695. Is q prime?
False
Let y(t) be the first derivative of -965*t**2 + 139*t - 164. Is y(-10) prime?
False
Suppose 157690580 + 202708730 = 74*h + 128*h. Is h a composite number?
True
Let d = -2278 - -79941. Is d a composite number?
True
Let y(p) = -5 - 3*p + 442*p**2 + 121*p**2 - p - 10*p. Is y(-4) a composite number?
False
Let g(j) = 13517*j - 338. Is g(3) composite?
False
Let o = -34280 + 84591. Is o composite?
False
Is ((-2)/(-1))/(-8 + 9/(543618/483220)) composite?
True
Let d = -153754 + 218013. Is d a prime number?
False
Let g(f) = -567*f**3 + 40*f**2 + 240*f - 2. Is g(-7) a composite number?
True
Suppose 0*x - 4*j = x - 404860, 3*x - 3*j = 1214565. Is x/108*((-45)/(-6))/5 a composite number?
False
Suppose 182509 = 4*h + 5*g, -2*h + 91255 = 2*g + g. Let x = h - 26253. Is x prime?
True
Let u(g) = 540*g - 729. Let y(m) = 108*m - 145. Let n(b) = 4*u(b) - 21*y(b). Is n(-14) composite?
True
Suppose 0 = -3*a - 4*q + 42 + 22, 3*q + 15 = 0. Suppose a*c = 33*c - 9230. Is 27/(-18)*c/(-3) a composite number?
True
Let d be (2/(-6))/(3/(-234)). Suppose 0 = -26*n - d*n + 1730508. Is n a prime number?
False
Let a be 4 + (-6)/2 + 0. Let c be (-4 - -7 - -161) + 2 + a. Suppose -957 + c = -5*i. Is i composite?
True
Let p(c) = -262*c**3 - 13*c**2 - 22*c + 32. Is p(-5) composite?
True
Let j be 8/(-4) + -7 - 10. Suppose -3*n = 5*g + 7060, -5648 = -g + 5*g + 5*n. Let t = j - g. Is t a prime number?
False
Let v = -5 - -4. Let f be 210*v*14/4. Is (-7)/(14/(-8)) - f prime?
True
Let k be (-32 - -7638) + 1 + (-1 - -2). Let b(h) = 47*h**2 + 3*h - 5. Let f be b(6). Suppose -4*j - 5*o + f = -k, 2*j = 4*o + 4650. Is j composite?
True
Let t = -127572 - -387253. Is t a composite number?
False
Suppose 0 = 4*w + 2*a + 18, 0 = 6*a - 8*a - 2. Is -5*(w + (-4 - 641/5)) a composite number?
True
Suppose 5*x - 30 = -m, 0 = -m + 2*m - 2*x + 5. Suppose 2*i = -m*q + 4387 + 534, 0 = -i + 5*q + 2438. Is i a composite number?
True
Let l(b) = -616*b**2 - 21*b + 50. Let t(q) = -1233*q**2 - 43*q + 99. Let k(y) = 5*l(y) 